*v. What is l(a)?
11
Let d(m) = 3*m**2 + 3*m + 6*m - 7*m - 4 + 3. Give d(-2).
7
Let q(v) = -6*v - 3. Suppose 2*r - 10*r = 0. Suppose 6*f + 3*f + 18 = r. What is q(f)?
9
Let i be 2/(-9) + 40/18. Suppose 0 = 3*p + i - 8. Let m(u) = -u**2 - 3*u - 1 - 4*u**2 + 2*u**p. Calculate m(-2).
-7
Let r be -2 + 4 - (0 + -3). Let v(y) be the third derivative of -y**4/8 + 7*y**3/6 - 16*y**2 + y. Calculate v(r).
-8
Suppose -25*n = -69 - 31. Let k(s) = -s**3 + 4*s**2 - 2. Determine k(n).
-2
Suppose -4*j + 44 = 3*m, 4*m + m + 90 = 5*j. Suppose 2*q + 22 - j = 0. Let b(p) = p**3 + 5*p**2 + 3*p - 5 + 1 - 1. What is b(q)?
-1
Let n(d) = 6*d + 4. Let r(x) = -5*x - 3. Let h(i) = 4*n(i) + 5*r(i). Give h(5).
-4
Let w(m) be the second derivative of -m**3 + 21*m**2 + 33*m - 4. Calculate w(9).
-12
Let w(n) = -6*n**3 + 11*n**2 + 5*n - 4. Let c(y) = -5*y**3 + 10*y**2 + 4*y - 4. Let b(q) = 5*c(q) - 4*w(q). What is b(6)?
-4
Let n(s) = 720*s - 720*s + s**2 - 1. Let f(i) = -i**3 - 3*i**2 - 4*i - 1. Let v(w) = f(w) - 3*n(w). Calculate v(-5).
-3
Let p(d) = d**2 - 6*d + 2. Let o(q) = q**3 - 4*q**2 - 2*q. Let k be o(5). Let f = k - 13. Suppose -20 = -5*x - 5*w, -w + 6 = x - f*w. Calculate p(x).
-3
Let p(y) be the second derivative of -5/2*y**2 + 0 - 1/30*y**5 + 1/12*y**4 + 1/20*y**6 - 1/6*y**3 + 8*y. Let b(r) be the first derivative of p(r). Give b(1).
5
Let c = -16 + 10. Let q(o) be the third derivative of 5*o**2 + 0 - 1/60*o**5 - 7/24*o**4 + 0*o - 4/3*o**3. What is q(c)?
-2
Let h(q) = q + 8. Suppose -18 = -s - 2*y, 4*s + 6*y - 78 = y. Suppose -7*a - 69 = s. Let z be h(a). Let v(u) = -u**2 - 4*u - 3. Determine v(z).
-8
Let v(p) be the third derivative of p**5/60 - p**4/3 - 8*p**3/3 + 204*p**2. Give v(10).
4
Let p be -35 + (16 - (-81)/(-9)). Let c(m) = m**2 + 28*m + 3. Give c(p).
3
Let g(i) be the second derivative of i**4/12 - i**3/2 - i**2 + 263*i. What is g(6)?
16
Let q(n) = -1 + 11*n - 2 + 2 - 7*n. Suppose 0 - 12 = -3*u. Give q(u).
15
Let i(d) be the first derivative of 7*d**2/2 - 17*d - 421. Determine i(4).
11
Let b(d) = -23*d + 6*d + 13*d + 3*d + 6. What is b(5)?
1
Let v(w) = w + 59. Let s be v(-49). Let j(k) be the first derivative of 1/2*k**2 - s + k. Calculate j(5).
6
Let r(x) = -x**2 + 15*x + 16. Let p be r(16). Let n(z) = z**2 + z + 4. What is n(p)?
4
Suppose -15 - 20 = 5*j + 5*l, -4*j + 2*l = 40. Let t(u) = -u**2 - 10*u - 2. What is t(j)?
7
Let a be -3*(-1 + 0) - (35 - 22). Let d(w) = -5*w - 55. Calculate d(a).
-5
Let c = 85 - 49. Let x = c + -29. Let k(z) = z**3 - 7*z**2 - z + 7. Give k(x).
0
Let s = -590 + 589. Let y(k) = 2 - 1 - 2*k**2 - 7*k**3 + k + k**2. Calculate y(s).
6
Let h(q) = -q - 5. Suppose m - c + 9 = 3*m, 2*c + 14 = 4*m. Let t be ((-3)/3 + m + -4)*4. Determine h(t).
-1
Let s = -686 - -683. Let x(j) = 4*j + 3. Calculate x(s).
-9
Let t(w) = -w**3 + 29*w**2 + 16*w - 11. Let d(m) = -m**3 + 25*m**2 + 15*m - 10. Let h(f) = 6*d(f) - 5*t(f). Determine h(6).
19
Let d(x) be the third derivative of -x**4/4 - 5*x**3/2 + 274*x**2. Give d(-3).
3
Suppose -z + 4*t = -2*z + 3, 0 = 2*z + 4*t + 6. Let m = z - -12. Let g(n) = n - 2. What is g(m)?
1
Let u be 6/(-6)*(1 - 2). Let i(r) = r**3 + 5*r**2 - u + 0*r**3 - 8 - 6*r + 3. Determine i(-6).
-6
Let d(m) = -2*m + 5. Suppose 62*q - 292 = -11*q. Calculate d(q).
-3
Let w(d) = 3*d + 1. Let h(g) = g**2 + 6*g - 73. Let i be h(-12). What is w(i)?
-2
Let h(j) be the third derivative of 5*j**4/12 + j**3/6 - j**2. Let y(n) = 5*n**3 + 2*n**2 - 6*n - 4. Let u be y(3). Let l = u + -130. What is h(l)?
11
Suppose 0 = -4*d + 16, -15 = r - d + 3. Let u be (12/7)/(r/(-49)). Let i(v) = -3 - v**2 + 11*v + 1 - 4*v + 1. Determine i(u).
5
Let c(t) = t**2 + 12*t + 8. Suppose -12 = 2*w - 4*x, w - 4*x - 18 = 2*w. What is c(w)?
-12
Let f = 14 + -7. Let v(h) = 10*h**2 - 25*h - 11. Let a(t) = 3*t**2 - 8*t - 4. Let s(b) = 7*a(b) - 2*v(b). Determine s(f).
1
Let j(l) = -8*l - 2. Let v be (25/(-9) + 3)*27/3. What is j(v)?
-18
Let g be (-1)/(-2)*(-7 + -1). Let o = g - -1. Let z(w) = -3*w**3 - w**2 + 5*w + 2. Let t(y) = y**3 - y**2 - y - 1. Let d(q) = -2*t(q) - z(q). Give d(o).
9
Let a(c) = -c**3 + c**2 + 5*c - 4. Suppose 12*d - 18 = 9*d. Let i = 2 + 9. Suppose -d*u + 7 = -i. What is a(u)?
-7
Let z(n) = -n**3 + 8*n**2 - 7*n + 6. Let t(r) = -5*r**3 + 2*r**2 - 2*r - 2. Let w be t(-1). Calculate z(w).
6
Let v(j) = 2*j**2 + 6*j + 5. Let z(t) = -3*t**2 - 7*t - 6. Let p = -19 + 22. Let f(k) = p*z(k) + 4*v(k). What is f(-2)?
-8
Suppose 2*f = -5*j - 5, 3*j - f - 13 = f. Let v(z) = -2*z**2 + 16*z - 9. Let u be v(7). Let l(x) = -u*x**2 - x**2 - 8*x**2 - 1 + 18*x**2. Determine l(j).
3
Let j be (-34 - -19)*1/3. Let z(i) = -6*i + 3. Calculate z(j).
33
Suppose 0 = -4*z + s - 123, 3*s = -z - 2*z - 111. Let j = 33 + z. Let x(f) = 3*f**3 + f**2 - 2*f + 1. Calculate x(j).
3
Suppose 4*p - 4*c - 32 = 0, 3*c = 5*p + c - 46. Let r(s) = s + 14*s**2 + 4 - 5*s**2 - 2 - p*s**2. Give r(2).
0
Let c(o) be the third derivative of -o**6/120 - o**5/20 + o**4/8 + 5*o**3/6 + 3*o**2 + 10*o. Calculate c(-4).
9
Let x(o) be the first derivative of o**2/2 - 9*o - 1. Suppose m + 5 = -d + 9, 8 = -m - 4*d. What is x(m)?
-1
Let f(k) be the second derivative of -6*k - 1/6*k**3 + 0 - 1/2*k**2. Suppose 4*y = -3*z + 6, 4*z + 13 = 4*y - 7. What is f(y)?
-4
Let o be (2 + 4)/(0 - 1) - 1. Let q(u) = -u**3 - 9*u**2 - 7*u - 4. Give q(o).
-53
Let f(h) = h**2 - 4*h - 6. Suppose 0 = 8*o - 11*o + 36. Suppose 5*q = -4*a - 28, -2*q + 0*q - 21 = 3*a. Let g = o + a. What is f(g)?
-1
Let g(b) = b + 9. Let k(o) = 3*o**3 - 24*o**2 - 28*o + 1. Let j be k(9). What is g(j)?
1
Let p(m) be the first derivative of -3 - 13/2*m**2 - m. Determine p(1).
-14
Let u(o) = -5*o**2 + 3*o - 6. Let s(q) = -9*q**2 + 7*q - 11. Let y = -3 - -10. Let k(i) = y*u(i) - 4*s(i). Give k(6).
-4
Let j(q) = 2*q**2 + 2*q + 1. Let x(m) = m**2 + 2*m - 18 - 2*m**2 + 2*m**2. Let u be x(6). Suppose -u + 28 = w. Calculate j(w).
5
Let p(j) = j - 2. Suppose 4*w - 57 = 4*v + v, 4*w = -4*v + 12. Suppose 3*u = 2*x - w, -x + 4 = -u - 0*x. Suppose -4*r + 0 + 28 = u. Determine p(r).
5
Suppose x - 2*x + 28 = 0. Suppose -5*q = x - 3, -2*q = 5*y - 15. Let j(w) = -7 + 2*w - w + 4 - 9. Give j(y).
-7
Let x(u) be the third derivative of -u**4/24 + u**3/3 + 3*u**2 + 4*u. Let z be 1 + (-4 - (-1)/1). Give x(z).
4
Suppose 0 = 4*k - 42 - 18. Suppose 2*o = 5*o - k. Let j(s) = o*s + 4 + 2*s + 2 - s - s**2. Give j(6).
6
Suppose -13 - 12 = -5*m. Suppose z + z = -3*v + 4, -2*z = -4*v + 24. Let j(s) = 7*s - s**2 + 5*s + v + 3 - 7*s. Determine j(m).
7
Let l(y) be the third derivative of -y**5/60 - y**3/6 + 129*y**2 + 2*y. Let q = 3 - 0. Determine l(q).
-10
Let i(h) = -2*h - 6. Let f be i(-3). Let l be 1*(4 + (f - 1)). Suppose -5*n + 15 = c + 39, -12 = l*n. Let z(u) = -u**3 - 4*u**2 + 3*u + 6. Determine z(c).
-6
Let a(z) = 981*z**3 - 1 - 1957*z**3 + 990*z**3. Let m = -7 - -8. Determine a(m).
13
Suppose -13 = -3*c + 50. Let l(k) = k + 22 + c - 47. What is l(4)?
0
Suppose -36 = -2*q + 44. Let h(p) = 49*p + p**2 + 0*p**2 - q*p. What is h(-8)?
-8
Suppose -642 = -5*a - 657. Let g(b) = 4*b. Calculate g(a).
-12
Let k(j) = 2*j**3 + 8*j**2 + 7*j - 3. Let l be k(-3). Let w(h) = h**3 + 7*h**2 + 6*h - 6. What is w(l)?
-6
Let l(j) = j + 6. Let t be l(-6). Suppose 3*r = -t - 3. Let y(w) = 0*w + 0*w - 2*w. Calculate y(r).
2
Let v be (16 - 12)*(-1)/(-2). Let o(t) = -t**3 + 2 + t + 13*t**2 + 0*t**3 + 2*t**3 - 11*t**v. Calculate o(-3).
-10
Let p(i) = 6*i + 1. Let k(j) = -j**3 - 9*j**2 + 5*j - 29. Let u be k(-10). Suppose -5*z = -26 + u. Give p(z).
7
Let j(k) = -5*k + 3 - 2*k - 13*k + 24*k. Determine j(-2).
-5
Suppose -7*c = 4*c + 11. Let x(v) = -12*v - 2. Calculate x(c).
10
Let s be (2/9)/(5/45). Suppose -3 = -m - s. Let z be (-3 - -6) + (-3 - m). Let l(v) = 11*v - 1. What is l(z)?
-12
Let i = 29 - 27. Let r(m) = 187 - 7*m**i - 2*m - m**3 - 5*m - 189. Give r(-6).
4
Let o(g) = 0*g + 145 + g + 148 - 306. Let h = -3 - -12. Give o(h).
-4
Let u(y) = -5*y**2 - 11*y - 5. Suppose -20*f + 18*f = 4. Calculate u(f).
-3
Let p(w) be the third derivative of 2/3*w**3 - 1/24*w**4 + 0*w + w**2 + 0. Suppose 2*n + 20 = -2*n. Give p(n).
9
Let d(v) be the third derivative of v**6/120 - v**5/60 + 23*v**3/6 - 45*v**2 + 1. Give d(0).
23
Let m(n) be the second derivative of n**4/12 - n**3/3 - 5*n**2/2 - 2*n + 3. Give m(4).
3
L